t is -70677 - 0?
-70677
In base 7, what is 3 + -136536?
-136533
In base 14, what is 1033 - -8c?
10c1
In base 2, what is 100 - -110110010011?
110110010111
In base 12, what is 1b + -9139?
-911a
In base 13, what is 5 - -14ca1?
14ca6
In base 12, what is 1213 + -b12?
301
In base 11, what is 1928 - 1a5?
1733
In base 16, what is -3109 + -213?
-331c
In base 15, what is -1812d - 4?
-18132
In base 10, what is -4616 + -7?
-4623
In base 11, what is 7499 - a2?
73a7
In base 6, what is 1404101 + 1?
1404102
In base 14, what is -6 - -71?
69
In base 9, what is 3620811 - 4?
3620806
In base 14, what is -25a579 + 4?
-25a575
In base 3, what is 22121 + -100012022?
-22212201
In base 10, what is 1319 - -1435?
2754
In base 7, what is 4 + -110251?
-110244
In base 9, what is 22 + 213?
235
In base 15, what is -c975 - 69?
-c9de
In base 13, what is 2a9 + 2c27?
3203
In base 9, what is 7 + -1743?
-1735
In base 15, what is -2 + -275be?
-275c1
In base 10, what is 28 - 19548?
-19520
In base 10, what is -14007 + -113?
-14120
In base 6, what is 5 - -35025?
35034
In base 6, what is 2454 - 1154?
1300
In base 12, what is 5 - 397502?
-3974b9
In base 9, what is 4662 + -20?
4642
In base 7, what is 6 + 50522?
50531
In base 5, what is -1432443 - -32?
-1432411
In base 10, what is -876 - -423?
-453
In base 10, what is -50 - 510?
-560
In base 2, what is 100111100001 - 11111101?
100011100100
In base 2, what is -11101111100011111010 - 11?
-11101111100011111101
In base 4, what is -12 - -31123?
31111
In base 11, what is -33aa88 + -9?
-33aa96
In base 13, what is 3 + 3b9?
3bc
In base 14, what is 3 - 1331bc?
-1331b9
In base 8, what is 0 + 511265?
511265
In base 8, what is 5304 - 365?
4717
In base 4, what is -20032301 + -2?
-20032303
In base 10, what is 24 - -15712?
15736
In base 3, what is 100120 - 222120?
-122000
In base 14, what is -188 - 4071?
-4219
In base 13, what is -13a3c7 - 4?
-13a3cb
In base 4, what is 102320131 - 102?
102320023
In base 15, what is -8 - 1169?
-1172
In base 8, what is 17540 - 12?
17526
In base 7, what is 13243 + 102?
13345
In base 7, what is -5 + 5662161?
5662153
In base 6, what is 50 - 40154?
-40104
In base 3, what is -2012221211 + 10122?
-2012211012
In base 16, what is a4 + 167?
20b
In base 7, what is -65651 - 533?
-66514
In base 9, what is 17 - -34824?
34842
In base 10, what is 1000 - -166?
1166
In base 8, what is 210176 + -3?
210173
In base 3, what is 2210002 - 20?
2202212
In base 9, what is 570767 + -3?
570764
In base 4, what is -10021113231 + 1?
-10021113230
In base 2, what is -1010 + 111001010?
111000000
In base 16, what is -1963e + 1d?
-19621
In base 12, what is 3 - 1192?
-118b
In base 12, what is -4a183 + -1?
-4a184
In base 15, what is 20c1c3 + 2?
20c1c5
In base 2, what is 10100011000001000 - 10111?
10100010111110001
In base 5, what is 1 + -1314443?
-1314442
In base 14, what is -4 + -46962?
-46966
In base 8, what is 52 + -5276?
-5224
In base 5, what is 1 - -42033100?
42033101
In base 16, what is 9b9 + -f5?
8c4
In base 16, what is a713 - -3?
a716
In base 5, what is 320021141 + 3?
320021144
In base 9, what is -8775 - -51?
-8724
In base 4, what is -3030300 - 10?
-3030310
In base 15, what is 32 - 1ca8?
-1c76
In base 14, what is -295 + 21?
-274
In base 2, what is -10101110 + 110001000001?
101110010011
In base 9, what is -1 + 370865?
370864
In base 10, what is 4 - -73299?
73303
In base 10, what is -4 + 147580?
147576
In base 11, what is -130848 + -2?
-13084a
In base 12, what is 37 - -a802?
a839
In base 15, what is -14 + 9098?
9084
In base 15, what is -1ea5 + 9?
-1e9b
In base 11, what is -153 - -208?
65
In base 16, what is -46b3d + -2?
-46b3f
In base 13, what is c - -122c?
123b
In base 15, what is -2 + -82e?
-831
In base 2, what is 110 + -11011101?
-11010111
In base 11, what is 5 - -2188?
2192
In base 8, what is -2105 + 5?
-2100
In base 13, what is -4 - 3901?
-3905
In base 4, what is -3 + 10121211?
10121202
In base 6, what is -11342 - -15?
-11323
In base 14, what is 1b + -bb00?
-bac3
In base 2, what is -11 - -11000111110110?
11000111110011
In base 15, what is -2e + -4a?
-79
In base 12, what is 1 + -309b?
-309a
In base 4, what is -2132 + 12101?
3303
In base 2, what is -100101101111111 - 1?
-100101110000000
In base 16, what is -9 + -20d1?
-20da
In base 11, what is 561a - 1?
5619
In base 6, what is -43031 + 33?
-42554
In base 10, what is 37059 - 0?
37059
In base 4, what is 102003 + -1?
102002
In base 4, what is 212 - 11131321?
-11131103
In base 16, what is f + -1a0?
-191
In base 12, what is 1870 - 12?
185a
In base 15, what is 28 + -606?
-5cd
In base 8, what is -43 + -477?
-542
In base 12, what is 5b12 + 423?
6335
In base 9, what is 3 - -1137802?
1137805
In base 16, what is -5 + 1adac?
1ada7
In base 8, what is 33 + 27662?
27715
In base 12, what is 2 - -216a3?
216a5
In base 7, what is -1014344 - -12?
-1014332
In base 16, what is 6326 - 22?
6304
In base 14, what is -15b65 + 19?
-15b4a
In base 16, what is b24 - 3d?
ae7
In base 3, what is -2010000001 - 121?
-2010000122
In base 6, what is 4 - -10522513?
10522521
In base 4, what is -3 + 20211020?
20211011
In base 6, what is 22345 - -5?
22354
In base 14, what is -23 - -565?
542
In base 13, what is -4 + 102a52?
102a4b
In base 15, what is -9b5 - -68?
-94c
In base 13, what is 2 + 5710?
5712
In base 9, what is -3 + 62106?
62103
In base 6, what is 20 - 1422014?
-1421554
In base 11, what is -1057773 - 1?
-1057774
In base 10, what is -1089 + 31?
-1058
In base 11, what is -932 + -754?
-1586
In base 8, what is -2460 + -1?
-2461
In base 4, what is 201011 + 112333?
320010
In base 7, what is 1160 - 0?
1160
In base 10, what is 3 - -716333?
716336
In base 8, what is -31201 + -5?
-31206
In base 8, what is -51045 + 2?
-51043
In base 15, what is 7 - c755?
-c74d
In base 13, what is 0 - -2250?
2250
In base 7, what is 103160 + -6?
103151
In base 2, what is 100 - -11000001011010111?
11000001011011011
In base 15, what is 18360 - -1?
18361
In base 14, what is d162 - 0?
d162
In base 5, what is 340 + 144432?
200322
In base 2, what is -1011111011 + -110010100?
-10010001111
In base 6, what is 4 - 450550?
-450542
In base 16, what is -2e3665 - 4?
-2e3669
In base 10, what is -335339 + -3?
-335342
In base 11, what is -33 - 574?
-5a7
In base 13, what is -9bbb + -3?
-9bc1
In base 14, what is -d376b + 1?
-d376a
In base 6, what is 14 + -111455?
-111441
In base 2, what is 111100000000111 + 10001?
111100000011000
In base 11, what is 30 + 2087a?
208aa
In base 13, what is -1 - 43?
-44
In base 13, what is -3229 - -5?
-3224
In base 8, what is -6 - -71625?
71617
In base 5, what is -331 + 23343?
23012
In base 13, what is 13 - -8155c?
81572
In base 7, what is -2031 + -1130?
-3161
In base 14, what is -3ab32 - -a?
-3ab26
In base 9, what is 10208 - 12?
10186
In base 7, what is 62006 - 11?
61665
In base 8, what is -136266 + -5?
-136273
In base 7, what is -332251 + -5?
-332256
In base 14, what is 106 - -5c?
164
In base 11, what is -1 - 196612?
-196613
In base 3, what is 100121202 - 11?
100121121
In base 9, what is -58076 + 2?
-58074
In base 10, what is -6 - 2560?
-2566
In base 3, what is 121 + 1121122?
1122020
In base 3, what is -10022220 + 100?
-10022120
In base 10, what is -4082 - 6?
-4088
In base 14, what is 5 - -13654?
13659
In base 6, what is -3 + 2525323?
2525320
In base 9, what is 1657 + -1350?
307
In base 11, what is -268414 + -6?
-26841a
In base 10, what is 173928 + -5?
173923
In base 8, what is -202632 + 1?
-202631
In base 13, what is -40c - 64?
-473
In base 11, what is -88278 - 3?
-88280
In base 7, what is 466 - -3405?
4204
In base 12, what is 9b5 - a9?
908
In base 9, what is 141722 - 4?
141717
In base 7, what is 242 + -341?
-66
In base 16, what is 6d + -84?
-17
In base 11, what is -818 - 22?
-83a
In base 3, what is -2 + -202201222?
-202202001
In base 9, what is 18 - 8?
10
In base 7, what is -1154 + -3231?
-4415
In base 8, what is 5 - -74636?
74643
In base 3, what is 2 + 10211201112?
10211201121
In base 8, what is 5 - -64537?
64544
In base 6, what is -533341 + 1?
-533340
In base 8, what is 6 + -31605?
-31577
In base 15, what is -2 + -1b04?
-1b06
In base 8, what is -4 + -70410?
-70414
In base 16, what is -16d79 - 4?
-16d7d
In base 9, what is -617 - 1414?
-2132
In base 10, what is -2783 - -183?
-2600
In base 14, what is -830 - -27?
-807
In base 7, what is -6331 - -33